alculate the greatest common factor of 472 and 7484386.
118
What is the highest common divisor of 1212 and 108454911?
303
What is the greatest common factor of 933471 and 42?
21
Calculate the greatest common factor of 3239 and 2108273.
79
Calculate the highest common divisor of 22512 and 22508248.
3752
What is the greatest common divisor of 88879140 and 105?
105
Calculate the greatest common divisor of 31043 and 26973.
37
What is the greatest common divisor of 3286878 and 402?
6
What is the greatest common factor of 2849825 and 183825?
1075
What is the highest common divisor of 3147699 and 2637?
879
What is the highest common factor of 148 and 69120958?
74
Calculate the highest common divisor of 108 and 658225710.
54
What is the highest common divisor of 201302 and 56726?
502
Calculate the highest common divisor of 795936 and 4448.
32
What is the highest common divisor of 90228331 and 82?
41
Calculate the highest common factor of 54538 and 312622.
134
What is the greatest common factor of 702956 and 2852?
124
What is the greatest common factor of 508 and 333260446?
254
What is the greatest common divisor of 5411302 and 1196?
598
Calculate the highest common factor of 21 and 288592388.
7
Calculate the greatest common divisor of 1550211 and 273.
39
Calculate the highest common divisor of 79242448 and 4.
4
Calculate the highest common factor of 131057758 and 26.
26
Calculate the highest common factor of 434 and 825118.
14
Calculate the greatest common divisor of 6279 and 9043307.
91
Calculate the greatest common divisor of 222 and 2906646.
222
What is the greatest common factor of 974697 and 29019?
1707
Calculate the greatest common divisor of 79538340 and 420.
420
Calculate the greatest common factor of 9557 and 11474436.
503
What is the highest common factor of 676412 and 7546?
22
What is the greatest common divisor of 6200268 and 660?
12
What is the greatest common factor of 189 and 877107?
21
Calculate the greatest common divisor of 78614958 and 3756.
1878
What is the highest common factor of 586 and 27539949?
293
Calculate the highest common factor of 8961712 and 32.
16
Calculate the highest common factor of 12204992 and 154432.
1216
What is the highest common divisor of 3294 and 23335794?
1098
What is the highest common factor of 21 and 225407?
7
Calculate the greatest common divisor of 36 and 1491174.
18
What is the highest common divisor of 81506038 and 1896?
158
What is the highest common divisor of 246040102 and 1232?
154
What is the highest common divisor of 1607484 and 372?
12
What is the highest common divisor of 539925 and 401925?
1725
What is the greatest common factor of 250 and 174453750?
250
What is the highest common divisor of 84 and 18508332?
12
Calculate the highest common factor of 2733861 and 624.
39
What is the greatest common divisor of 60 and 16614330?
30
Calculate the highest common divisor of 121 and 15415763.
121
What is the highest common divisor of 14152375 and 430?
215
What is the highest common divisor of 22560 and 2220072?
24
What is the highest common divisor of 53673074 and 316?
158
What is the highest common divisor of 19097580 and 1940?
20
What is the highest common factor of 192504930 and 150?
30
What is the greatest common divisor of 127 and 17518634?
127
What is the greatest common divisor of 6 and 127416933?
3
What is the greatest common divisor of 5145590 and 2590?
370
What is the highest common factor of 693 and 4057977?
231
Calculate the greatest common factor of 221232 and 84.
12
What is the highest common divisor of 5192 and 319211948?
2596
What is the highest common factor of 11701314 and 9773?
337
Calculate the greatest common factor of 16 and 2172051312.
16
Calculate the greatest common divisor of 62797 and 151313857.
8971
What is the greatest common divisor of 2646547 and 21444?
1787
What is the highest common factor of 89118 and 666?
18
Calculate the highest common factor of 54363166 and 572.
286
What is the greatest common factor of 402461286 and 366?
366
Calculate the greatest common factor of 451 and 1162348.
11
Calculate the greatest common factor of 7693 and 58163.
49
What is the highest common factor of 3090344 and 2162?
94
Calculate the highest common divisor of 157300 and 16705975.
3575
What is the highest common factor of 9988821 and 9?
9
What is the highest common factor of 102735478 and 211?
211
What is the highest common divisor of 548209 and 15179?
353
Calculate the highest common factor of 29632 and 17408.
64
Calculate the greatest common divisor of 42811750 and 275.
25
Calculate the greatest common factor of 15687 and 1141.
7
What is the highest common divisor of 496 and 1762040?
248
Calculate the greatest common factor of 30846435 and 1258845.
9465
Calculate the greatest common divisor of 132940 and 514165.
1955
Calculate the greatest common divisor of 1647 and 21289.
61
What is the greatest common factor of 15626 and 352186?
1202
What is the greatest common divisor of 961 and 23738219?
31
Calculate the highest common divisor of 28 and 676256.
28
Calculate the highest common factor of 18887 and 2784166.
1111
What is the highest common divisor of 3420086 and 79402?
58
What is the highest common divisor of 949700 and 220?
20
Calculate the highest common factor of 13 and 28204852.
13
What is the highest common factor of 148196005 and 5?
5
Calculate the greatest common factor of 395912269 and 68.
17
Calculate the greatest common divisor of 11481305 and 6567.
2189
Calculate the greatest common factor of 655 and 167987195.
655
What is the greatest common divisor of 6067617 and 6?
3
What is the greatest common factor of 1391187 and 54033?
651
What is the greatest common factor of 6842 and 44093269?
3421
Calculate the highest common divisor of 472 and 5636093.
59
What is the highest common factor of 4476 and 3476136?
12
Calculate the greatest common factor of 3548384 and 1751562.
4526
Calculate the highest common factor of 18701433 and 21768.
2721
What is the highest common divisor of 466 and 570419882?
466
What is the highest common factor of 35551375 and 1000?
125
What is the highest common divisor of 1203 and 118177106?
401
Calculate the highest common divisor of 537503 and 314447.
1549
Calculate the greatest common factor of 10252284 and 168.
84
Calculate the greatest common factor of 25389130 and 988.
494
Calculate the greatest common factor of 69007 and 35183.
151
What is the highest common factor of 816 and 1160784?
48
What is the greatest common divisor of 54 and 4377213?
27
What is the highest common factor of 754848918 and 9?
9
What is the greatest common divisor of 15708682 and 74106?
358
What is the greatest common factor of 503114 and 24396?
214
What is the highest common divisor of 20976 and 198702?
114
Calculate the greatest common divisor of 12350512 and 3216.
1072
What is the highest common factor of 12595 and 1427305?
55
Calculate the highest common divisor of 4163305 and 88730.
2335
Calculate the greatest common factor of 755380 and 4080740.
4220
Calculate the highest common divisor of 96 and 2564388.
12
Calculate the greatest common divisor of 318284 and 11656.
188
What is the greatest common factor of 716765 and 5908?
7
Calculate the highest common divisor of 4080 and 127112.
8
What is the greatest common factor of 203382008 and 552?
184
What is the greatest common factor of 10510232 and 3096?
344
What is the greatest common factor of 867220 and 10100?
20
What is the greatest common divisor of 251658477 and 1197?
1197
Calculate the greatest common factor of 44 and 3369278.
22
Calculate the greatest common divisor of 4399205 and 2715.
905
What is the greatest common factor of 25108528 and 5536?
2768
What is the highest common divisor of 459885 and 3379?
31
What is the highest common factor of 240941 and 5763?
17
What is the highest common factor of 510 and 851541900?
510
Calculate the highest common factor of 8660 and 52380.
20
Calculate the highest common divisor of 67729 and 2973227.
761
Calculate the highest common divisor of 10 and 80878422.
2
What is the highest common factor of 276360 and 89523000?
5880
What is the highest common divisor of 12224 and 4966?
382
Calculate the greatest common divisor of 977 and 2834969693.
977
Calculate the greatest common di